243?
-243
In base 14, what is 1 + 1?
2
In base 9, what is 17 + 142?
160
In base 5, what is -114101 - -2?
-114044
In base 4, what is 30332 - -3?
31001
In base 2, what is -100000010110 + 100?
-100000010010
In base 11, what is -4 + 134?
130
In base 14, what is -5 + -11?
-16
In base 5, what is 0 + -200?
-200
In base 9, what is -412 - -6?
-405
In base 15, what is 6d + -1?
6c
In base 16, what is 69c - -c?
6a8
In base 12, what is -2a - -2?
-28
In base 4, what is 111 - -110?
221
In base 5, what is 22233 + 3?
22241
In base 11, what is 4 + -31?
-28
In base 8, what is -5 - 4013?
-4020
In base 7, what is 64 + -1?
63
In base 10, what is 371 - -11?
382
In base 15, what is b - -a6?
b2
In base 5, what is -14120 - -4?
-14111
In base 4, what is -10011 - 31?
-10102
In base 9, what is -106 - -124?
17
In base 4, what is -1312 + 20?
-1232
In base 11, what is 0 + 1832?
1832
In base 3, what is -12 - 1222102?
-1222121
In base 2, what is 1011 - 101?
110
In base 5, what is -34 - 2?
-41
In base 6, what is 104 + -5?
55
In base 12, what is -105 - 1?
-106
In base 15, what is -4 - -5d?
59
In base 12, what is 5 - -898?
8a1
In base 2, what is -101110001 + -1?
-101110010
In base 12, what is 8 + -b3?
-a7
In base 7, what is -15 - -4651?
4633
In base 13, what is -3 + -4c4?
-4c7
In base 8, what is 3 + 46?
51
In base 11, what is 3 + aa3?
aa6
In base 2, what is -11110 + -1?
-11111
In base 12, what is 3 + 63?
66
In base 13, what is -8 - -5bc?
5b4
In base 12, what is 0 + -38a3?
-38a3
In base 11, what is 41 - -7?
48
In base 16, what is 7f + -30?
4f
In base 5, what is 20 - 20342?
-20322
In base 12, what is 3a0 + -2?
39a
In base 14, what is -3 + 9a?
97
In base 11, what is -2 + 971?
96a
In base 15, what is 20 + -3?
1c
In base 13, what is -1 - c57?
-c58
In base 12, what is 3 - 9?
-6
In base 14, what is 11cd + -5?
11c8
In base 5, what is -1 - -23204?
23203
In base 6, what is 232134 + -4?
232130
In base 14, what is -22 + 64?
42
In base 4, what is 3230320 + 3?
3230323
In base 7, what is -23 - -60?
34
In base 12, what is -3 + 638?
635
In base 6, what is 105 + 45?
154
In base 7, what is -64 - 13?
-110
In base 8, what is -52 + 31?
-21
In base 13, what is -c7 - 63?
-15a
In base 8, what is 1 + -236?
-235
In base 15, what is 0 + 44?
44
In base 14, what is -8c + 72?
-1a
In base 15, what is 0 + -65?
-65
In base 11, what is -614 + -4?
-618
In base 13, what is -45 + -42b?
-473
In base 3, what is 102020 + 122?
102212
In base 4, what is -203 + 111?
-32
In base 12, what is -28 - 5?
-31
In base 11, what is -4 + -17?
-20
In base 5, what is 24 - -23?
102
In base 13, what is -140 + -117?
-257
In base 9, what is 333 + -3?
330
In base 12, what is 342 - 1?
341
In base 15, what is 2 + -366?
-364
In base 11, what is 4374 + -1?
4373
In base 14, what is 7b - -4?
81
In base 7, what is 3 - 60?
-54
In base 2, what is 10111 - 10010100?
-1111101
In base 9, what is 0 - 553?
-553
In base 5, what is -10 + 200?
140
In base 12, what is 11b - -60?
17b
In base 7, what is 1 + -12532?
-12531
In base 9, what is 2 + -3285?
-3283
In base 2, what is -11011 - 101100?
-1000111
In base 8, what is -3 - 544?
-547
In base 10, what is 369 + -1?
368
In base 3, what is 2110022 + 1?
2110100
In base 6, what is -1 - 15?
-20
In base 10, what is 5 - 62?
-57
In base 10, what is -45 + 20?
-25
In base 14, what is b - -a?
17
In base 11, what is -3 - -a1?
99
In base 11, what is 4 - 2a44?
-2a40
In base 14, what is -20 + 0?
-20
In base 6, what is 24 - -34?
102
In base 15, what is bd + -16?
a7
In base 12, what is -6 + -b4?
-ba
In base 2, what is 11 - 1000000?
-111101
In base 8, what is 1 - 2662?
-2661
In base 16, what is 4 + 154?
158
In base 16, what is -5 - -3?
-2
In base 6, what is 2025 - 5?
2020
In base 6, what is -250 + -4?
-254
In base 15, what is -e - 3e1?
-400
In base 11, what is 32 - -663?
695
In base 8, what is 1 - -207?
210
In base 13, what is 157 - -a?
164
In base 14, what is 265 + 11?
276
In base 16, what is 1 - 2?
-1
In base 4, what is 13231 - 22?
13203
In base 7, what is 4 - -3436?
3443
In base 16, what is 0 - -34?
34
In base 13, what is -24b - 4?
-252
In base 9, what is 607 - -11?
618
In base 9, what is -4 - 1360?
-1364
In base 15, what is -6b9 + 8?
-6b1
In base 10, what is 9 + -60?
-51
In base 11, what is 1 - -1124?
1125
In base 3, what is 2211 + -110?
2101
In base 2, what is -101100 + 1001?
-100011
In base 16, what is -4 + -2e4?
-2e8
In base 13, what is -6b + 3?
-68
In base 5, what is -320 + 224?
-41
In base 7, what is -1 - 242?
-243
In base 5, what is -2324 - 24?
-2403
In base 12, what is -90 + -4?
-94
In base 4, what is 1 + 30301?
30302
In base 12, what is -9745 - 4?
-9749
In base 11, what is 2a + 35?
64
In base 9, what is -4 - -573?
568
In base 5, what is 4 - 2?
2
In base 10, what is -149 - -9?
-140
In base 8, what is -15 - -1071?
1054
In base 9, what is -23 + -181?
-214
In base 5, what is 3 - -1?
4
In base 13, what is 3c98 - 0?
3c98
In base 5, what is -3 + -1031?
-1034
In base 15, what is -41 - 61?
-a2
In base 16, what is -2 - -1bb?
1b9
In base 15, what is -1eb - 5?
-201
In base 3, what is 212210 + 2?
212212
In base 11, what is 0 + 1888?
1888
In base 16, what is -2 + -9?
-b
In base 13, what is -20a4 + 5?
-209c
In base 9, what is -286 - -3?
-283
In base 10, what is -91 - 3?
-94
In base 13, what is -3a9 + 3?
-3a6
In base 15, what is -5 + -5e8?
-5ed
In base 16, what is -1 - 602?
-603
In base 3, what is 10 - 10002?
-2222
In base 11, what is 2 - -9a?
a1
In base 7, what is 120 + 3?
123
In base 16, what is 8 - -1?
9
In base 8, what is 1 + -163?
-162
In base 3, what is 110 + -2220?
-2110
In base 8, what is -2 - -434?
432
In base 15, what is -d + -1ab?
-1b9
In base 4, what is -130221 + -11?
-130232
In base 12, what is -2aa18 - -3?
-2aa15
In base 4, what is -121002 - -13?
-120323
In base 2, what is -1111111 + 0?
-1111111
In base 8, what is 3 - 1337?
-1334
In base 14, what is -3 + -1741?
-1744
In base 8, what is -121 - 72?
-213
In base 4, what is 10222 - 10?
10212
In base 12, what is -142 - -10?
-132
In base 8, what is 10 - 4617?
-4607
In base 15, what is 4c8 + 0?
4c8
In base 5, what is 34 + 32?
121
In base 3, what is -100202 - -2?
-100200
In base 15, what is a - -28?
33
In base 12, what is 4b45 + 4?
4b49
In base 8, what is 276 - -3?
301
In base 12, what is 14 - 6?
a
In base 7, what is -111 - -123?
12
In base 2, what is -101000101 + -1000?
-101001101
In base 6, what is -2510 + -2?
-2512
In base 6, what is 2 - 104?
-102
In base 2, what is 1000101110 + 100?
1000110010
In base 15, what is -c7 + -1a?
-e2
In base 15, what is 3 + -858?
-855
In base 2, what is 1000101 + 11?
1001000
In base 11, what is -205 + -4?
-209
In base 9, what is -14 + -83?
-107
In base 2, what is 10001 + -1011?
110
In base 9, what is 130 + -4?
125
In base 5, what is -2112 - 2?
-2114
In base 2, what is 100 + -1000110001?
-1000101101
In base 8, what is 0 - 460?
-460
In base 7, what is -26 + 126?
100
In base 6, what is -5 + -1025?
-1034
In base 6, what is -3 - -144?
141
In base 4, what is 132 + -2?
130
In base 12, what is 117 + 3?
11a
In base 10, what is 633 + -4?
629
In base 3, what is -11 - 1001?
-1012
In base 10, what is -18 - 38?
-56
In base 5, what is -1 + -40214?
-40220
In base 13, what is -2 + 14?
12
In base 7, what is -10 + 1416?
1406
In base 11, what is 514 + -8?
507
In base 16, what is 12 - 4?
e
In base 6, what is 0 + -3113?
-3113
In base 7, what is -400 + 6?
-361
In base 6, what is 2143 - 21?
2122
In base 12, what is 19 + -6?
13
In base 16, what is 9 - -51?
5a
In base 7, what is -2 - -103?
101
In base 6, what is -2034 - 2?
-2040
In base 14, what is 2 - -6b?
6d
In base 13, what is 2082 - 5?
207a
In base 13, what is -29 + 19?
-10
In base 13, what is -38 + 39?
1
In base 4, what is 10 - 100333?
-100323
In base 9, what is 43 - -1?
44
In base 2, what is -101101001 + 101?
-101100100
In base 6, what is 3522 + -3?
3515
In base 4, what is 1 - -10110?
10111
In base 16, what is 2 - 106?
-104
In base 4, what is 3 - 3?
0
In base 8, what is -17 + 234?
215
In base 2, what is 11111 - 10?
11101
In base 10, what is -86 + -409?
-495
In base 13, what is 2 + -45?
-43
In base 13, what is 2 + -59?
-57
In base 13, what is -3 + -432?
-435
In base 11, what is 11 + -12?
-1
In base 9, what is 16 + 5?
22
In base 2, what is -1010 - -1010110?
1001100
In base 15, what is 1e - 2a?
-b
In base 6, what 